 + (28 - -4)?
2
Let t be 168/1 + (-1 - -3). Suppose 2*g - 2*y - 156 - 10 = 0, -2*g + t = 2*y. Suppose -g = -a + 42. What is the tens digit of a?
2
Suppose 2910*d - 2922*d = -528. Let j = -5 + 10. Suppose -868 = -4*g + 4*w + d, 3*w - 1172 = -j*g. What is the tens digit of g?
3
What is the units digit of (-4)/3*3 - (45 - 651)?
2
Let h = 166809 - 113955. What is the ten thousands digit of h?
5
What is the tens digit of (539/231)/(1/(-3)) + 5611?
0
Suppose -166*l + 15 = -161*l. Suppose -l*h + 253 = -0*y + 4*y, h - 89 = y. What is the tens digit of h?
8
Suppose 494*m - 36900 = 485*m. What is the tens digit of m?
0
Let t(q) = -4*q**2 + 1 - 2*q**2 - 2*q - q**3 + 3*q**2. Let g be t(-3). What is the tens digit of 1/(-3)*(-483)/g?
2
Let l(g) = -g**3 - 14*g**2 - 26*g - 24. Let c be l(-12). Let a(d) = d**2 + 2*d + 86. What is the units digit of a(c)?
6
Let m(g) = 9*g**2 - 18*g**2 + 8*g**2 - 21*g - 11. What is the units digit of m(-17)?
7
Suppose 2*w = c - 8163, 38*c + 40803 = 43*c + 2*w. What is the hundreds digit of c?
1
Let t = -14 + 18. Suppose -1 = n - 2*r, -n - t*r - 4 + 21 = 0. Let l(u) = 34*u - 7. What is the hundreds digit of l(n)?
1
Suppose -62424 = -4*v + 2*s, 62452 = 4*v + 6*s - s. What is the units digit of v?
8
Suppose -18*j - 36*j = -2224938 + 486084. What is the thousands digit of j?
2
Let y(z) = -z**3 + 3*z - 1. Let n(l) = -2*l**3 + 6*l**2 + 53*l - 4. Let a(d) = n(d) - 4*y(d). What is the hundreds digit of a(8)?
7
Suppose -115*w + 5*w - 50*w = -1244000. What is the hundreds digit of w?
7
Let t(d) = -3*d**2 - 33*d - 1. Let j be t(-11). Let n be j + (-25)/(-5) - -138. Suppose 0 = -3*c + 14 + n. What is the tens digit of c?
5
Suppose 4*i - 8 = 0, -9*m = -13*m + 4*i + 8. Suppose m*j + 8 = 0, 21*o - 25*o + 2570 = 5*j. What is the tens digit of o?
4
What is the units digit of 5120 + 15/(-6)*132/55?
4
Suppose 37*s - 14*s - 974602 = -0*s. What is the tens digit of s?
7
Suppose 8*t - 10 = -266. Let p = -24 - t. Suppose p*v - 1704 = -80. What is the tens digit of v?
0
What is the tens digit of (-3 - (-28)/8)*((-1 - 2) + 11285)?
4
Suppose 153*o + 2*o + 72797 = 481687. What is the hundreds digit of o?
6
Let j be -396*(10/(-4) + 4)/3. What is the hundreds digit of 11/(j/2889)*(-4)/3?
2
Suppose 0 = -2*s + 6030 + 1978. What is the tens digit of s?
0
Let v(k) = -10*k - 12. Let b be v(-9). Let z be (b/(-4))/((-6)/36). Suppose -3*m + 132 = -z. What is the tens digit of m?
8
Suppose 0 = 4*x + 5*i - 27540, 2*i - 15429 = 5*x - 49854. What is the thousands digit of x?
6
Let z be (0/2 - 596)/1. Let d = -106 - z. Suppose -d + 10 = -4*t. What is the hundreds digit of t?
1
Suppose 3*p = -5*k + 5*p + 6, 4*k + 4*p + 12 = 0. Suppose k = -l + 3 + 2. Suppose -j = l*z - 31, -j + 3*z = 2*j - 183. What is the tens digit of j?
5
Suppose 4*q = -2*v + 2, v = q + 4*q + 8. Let m be v + -7 - -2*7. Suppose -4*h = -m*h + 552. What is the units digit of h?
2
What is the tens digit of (-7)/(-2)*(-16866000)/(-2100)?
1
Let h = 13713 + 20411. What is the units digit of h?
4
Let v be 2/((19/6)/19). What is the units digit of 1660/8 - v/24?
7
Let d(q) = 124*q**2 - 16*q - 17. What is the units digit of d(-17)?
1
Suppose 12*z - 216 = -660. What is the units digit of (-26)/((2/z)/1)?
1
Suppose -87822 = -2*g + 4*a, 6147*g - 6146*g - 43913 = 3*a. What is the hundreds digit of g?
9
Let o = 242 + -242. Suppose -q + 6*q = -2*j + 2805, o = 3*q + 5*j - 1664. What is the tens digit of q?
6
Suppose 2*j + 2*k + 46 = 0, 0*j + 2*k - 58 = 2*j. Let i = -22 - j. Suppose -18*c + i = -14*c. What is the units digit of c?
1
Suppose 8 = 8*u - 4*u. Suppose -i - u*d = -9, d - 36 = -0*i - 5*i. Let f(r) = 14*r - 17. What is the units digit of f(i)?
1
Let a(i) = 8*i**3 + 7*i**2 + 3*i + 12. Let u be a(6). Suppose 5*c + c - u = 0. What is the hundreds digit of c?
3
Suppose -35*u + 72247 = -9163. Let y = -557 + u. What is the thousands digit of y?
1
Let n = -9 - -11. Let r(v) = -10*v - 2*v**2 - 5*v**2 + 3*v**n + 13*v - 6 + v**3. What is the units digit of r(6)?
4
Let i be 18*((-1)/(-5) - (-173)/(-15)). Let u = i + 362. What is the tens digit of u?
5
Let z(m) be the third derivative of -m**4/8 - 4*m**3/3 + 9*m**2. Let o(p) = -p**2 + 13*p + 33. Let l(s) = -2*o(s) - 9*z(s). What is the units digit of l(3)?
7
Let v be 36/14 - 3/(-7). Suppose 2*y + v*y - 2*s = 46, 5*s = -3*y + 40. What is the units digit of (152/y)/((-3)/(-15))?
6
Let k = -10680 - -18166. What is the tens digit of k?
8
Suppose -3*u + o + 3*o + 1682 = 0, 539 = u + 3*o. What is the units digit of u?
4
Let n = 17345 + -4607. Suppose -20*u = 2*u - n. What is the units digit of u?
9
Suppose 9*h - 288263 = 4*h - 2*j, -j + 57652 = h. What is the hundreds digit of h?
6
Let g(s) = s**2 - 3 - 9*s - 2*s**2 - 5. Let b be (36/(-27))/(1/(9/2)). What is the units digit of g(b)?
0
Suppose -5*y - 4141 = -4*m, -5*m - 4*y + 388 = -4819. Suppose 5*n = 2*h - m, -h + 2*n + 537 = 3*n. What is the units digit of h?
2
Let b be (-30987)/(-39) - (-204)/442. Let k be (-3 - -2)*-23 - -1. Suppose 19*i - k*i = -b. What is the units digit of i?
9
Suppose 124*t - 34240 = 128*t. What is the hundreds digit of t/(-14) + 126/(-294)?
6
Let j = 2 - -3. Suppose 3*q + 13 = -4*i + 3, 0 = -j*i - 20. Suppose -70 - q = -f. What is the units digit of f?
2
Let h = 153 + -216. Let i = h - -55. What is the tens digit of ((-112)/((-12)/3))/((-2)/i)?
1
Let u(a) = 7*a - 28. Let d be u(-9). Let h = 9 + d. Let k = 242 + h. What is the tens digit of k?
6
Let j = 26864 + 3100. What is the units digit of j?
4
Let j = 29942 + 2364. What is the hundreds digit of j?
3
Suppose 1538 = 15*m + 518. Suppose -21983 = m*q - 87*q. What is the hundreds digit of q?
1
Let h be 170/(399/77 - 5). Suppose -4*o - h + 3671 = -4*j, -4*o - 5*j + 2727 = 0. What is the tens digit of o?
8
Let k(a) = -3557*a**3 - a**2 - 190*a - 378. What is the ten thousands digit of k(-2)?
2
Suppose -g + 4*k - k - 884 = 0, -1 = -k. What is the hundreds digit of 1320/(-110)*g/6?
7
Let x(y) = 41*y**2 - 54*y - 137. Let w(j) = 21*j**2 - 29*j - 68. Let f(h) = -5*w(h) + 3*x(h). What is the tens digit of f(8)?
4
Let k(a) = 1681*a - 5311. What is the thousands digit of k(13)?
6
Let f(w) = 3*w**2 + 7*w + 2*w**2 - 2 - 3*w**2 - 1. Let m(n) = -3*n**2 - 7*n + 3. Let u(h) = -6*f(h) - 5*m(h). What is the tens digit of u(7)?
0
Let u(d) = 51*d**2 + 14*d - 10. Let g(n) = -n**2 + n. Let z(i) = -5*g(i) + u(i). What is the hundreds digit of z(2)?
2
What is the tens digit of ((-937 - 3) + -2)/((-13)/78)?
5
Let c = -19821 + 19822. Let u(w) be the third derivative of 143*w**5/60 + w**4/6 - 5*w**3/6 - w**2. What is the tens digit of u(c)?
4
Let g be 1 + (-839)/(-4) + (-18)/24. Let t(o) = -91*o + 59. Let b be t(-6). Suppose -y + z = -z - g, b = 3*y - z. What is the units digit of y?
0
Suppose 0 = 89*w - 35*w - 18252. Let y = w + 219. What is the tens digit of y?
5
Let c(v) = -5*v + 17. Let h be c(3). Let l(z) = -11*z - 11. Let a(p) = -11*p - 13. Let k(r) = h*l(r) - 3*a(r). What is the units digit of k(4)?
1
What is the tens digit of -21 + (-6)/(-66)*74833?
8
Let z = -258 - -260. Suppose -6*n + 2*n = 5*s - 1315, 2*s - z*n - 526 = 0. What is the hundreds digit of s?
2
Let t be 53/3 - (-9)/27. Let q = 21 - t. Suppose -q*z + 3*c = -7 - 20, 3*z + 2*c = 22. What is the units digit of z?
8
Suppose 0 = 2*v + m - 2294, 10*m - 5748 = -5*v + 14*m. What is the units digit of v?
8
Let w(z) = -z**2 + 10*z - 14. Let o be w(8). Let b(l) = 3*l**2 - 6*l - 4*l**o - 8 + 16*l - 1. What is the tens digit of b(5)?
1
Suppose -5*p + t = -0*t + 39, -p + 4*t - 23 = 0. Let c = 27 - 10. Let q = p + c. What is the tens digit of q?
1
Let g be 8*(-4)/(-6)*(-27)/(-18). Suppose 0 = 3*r - g*r + 4055. What is the tens digit of r?
1
Let d be (9 - 12) + 349/1. Suppose 0 = -5*t - 5*n - d + 1876, -3*t - 2*n + 915 = 0. What is the tens digit of t?
0
What is the tens digit of (-21)/((-105)/55) + 31659?
7
Let u(p) = p**3 - 3*p**2 + 4*p - 4. Let f be u(3). Suppose 0 = -6*j + 13 - 13. Suppose 5*c + 17 + f = j, 3*b - 197 = c. What is the units digit of b?
4
Suppose 0 = -7*f - 23705 + 337004. What is the units digit of f?
7
Suppose 119*b - 1037781 + 675555 = 1496078. What is the tens digit of b?
1
Let v(h) = -10*h - 173. Let x be v(-30). Suppose 4*w - 5*i + 3*i = 14, 3*w + 5*i = 30. Suppose -x = -w*q + 128. What is the